2
What is 41aa586 (base 11) in base 3?
111221100110210
Convert -cbb54 (base 14) to base 5.
-111242111
Convert 1341111313 (base 5) to base 10.
3457083
Convert -110011010000001 (base 2) to base 15.
-7b96
-2dbe5 (base 15) to base 13
-52385
What is -2077743 (base 9) in base 8?
-4200626
What is 39c44c (base 13) in base 3?
2122000201222
14541 (base 16) to base 3
11020012220
34a341 (base 11) to base 14
1065bd
-24264 (base 14) to base 16
-158e0
Convert 260422 (base 15) to base 11.
1035a76
-537036 (base 8) to base 7
-1346013
11030024 (base 5) to base 12
4741b
What is 10111010111001 (base 2) in base 16?
2eb9
Convert 232c2 (base 15) to base 6.
2222315
Convert -4551341 (base 6) to base 9.
-383627
What is 53345020 (base 6) in base 12?
638170
Convert 11642753 (base 8) to base 14.
4add91
What is 4a8521 (base 12) in base 5?
302423012
-10780f (base 16) to base 10
-1079311
277e0 (base 15) to base 13
45861
What is -2405066 (base 7) in base 4?
-1022102201
10101101111010011 (base 2) to base 4
111233103
What is -108473 (base 10) in base 8?
-323671
131b37 (base 13) to base 11
295462
-50549a1 (base 11) to base 16
-88603e
What is -404203 (base 5) in base 8?
-31375
What is a767 (base 16) in base 15?
ca70
What is -5021074 (base 9) in base 8?
-12141023
1078750 (base 9) to base 15
b7eac
What is -1275351 (base 10) in base 12?
-516073
What is -303630 (base 7) in base 12?
-25b59
What is 78c774 (base 15) in base 6?
323303401
Convert 1456949 (base 11) to base 5.
1114414343
What is 429c1 (base 15) in base 6?
4310544
What is 224551436 (base 7) in base 9?
27767058
What is 1058d6 (base 15) in base 10?
778251
-1111021101 (base 4) to base 9
-581353
Convert 9020b (base 13) to base 7.
2121301
16dcc0 (base 14) to base 16
c4e70
What is -19ba98 (base 16) in base 7?
-20221641
What is -13342853 (base 10) in base 6?
-1153552245
-2113021222 (base 5) to base 3
-22022201122101
-753900 (base 12) to base 6
-103410000
What is -854938 (base 12) in base 13?
-588047
-422134 (base 9) to base 15
-4e50d
What is 10221222022011 (base 3) in base 10?
2105572
Convert -232434011 (base 5) to base 7.
-12011333
What is -21210020111122 (base 3) in base 16?
-3f24bc
-5116360 (base 7) to base 13
-184690
Convert 67017 (base 9) to base 8.
126705
2423545 (base 6) to base 10
127865
What is -12303112110 (base 4) in base 5?
-424030223
-12d5175 (base 14) to base 6
-523235443
Convert 27701 (base 9) to base 7.
105535
19a9a (base 13) to base 7
266133
What is 105830 (base 11) in base 8?
511403
-c596ac (base 13) to base 4
-101213233302
8cdda (base 14) to base 8
1235724
Convert -20305 (base 12) to base 11.
-2953a
-4033401 (base 5) to base 6
-1220123
19623 (base 16) to base 11
7112a
What is 33232001022 (base 4) in base 13?
b13771
Convert -10100100111000111 (base 2) to base 14.
-22aa3
Convert -321807 (base 9) to base 13.
-69307
What is -1132451 (base 7) in base 10?
-142577
What is -6625652 (base 8) in base 2?
-110110010101110101010
What is 540251 (base 6) in base 5?
2403132
Convert 134519 (base 14) to base 8.
2422733
What is 4135011 (base 10) in base 11?
2374771
Convert 188284 (base 9) to base 13.
416b9
What is 1568882 (base 10) in base 2?
101111111000001110010
What is 6075544 (base 8) in base 6?
54220004
Convert -a5c78 (base 13) to base 10.
-298722
202243404 (base 6) to base 10
3474076
What is 148117 (base 16) in base 8?
5100427
553b (base 16) to base 13
9c15
What is 5204a2 (base 13) in base 16?
1d361b
What is -1356659 (base 10) in base 13?
-386675
Convert -1371c4 (base 15) to base 3.
-1202111222011
What is -222110200002 (base 3) in base 15?
-a457e
What is 10420005 (base 7) in base 10?
895578
Convert -1000111000110001 (base 2) to base 15.
-abbb
-755d6 (base 16) to base 8
-1652726
20254455 (base 6) to base 9
1077578
3332114 (base 5) to base 8
162051
What is 5448a (base 12) in base 10?
111274
What is -101111010111001011010 (base 2) in base 16?
-17ae5a
-44782 (base 11) to base 7
-356665
What is -43154413 (base 7) in base 13?
-9b9b54
92170c (base 14) to base 10
4921376
What is 42511114 (base 6) in base 9?
2320421
Convert 1558ba (base 15) to base 8.
3736266
What is 24512425 (base 7) in base 3?
11011000201101
5481c (base 13) to base 11
a4a24
Convert 58d4b4 (base 15) to base 13.
b59015
313101212 (base 5) to base 10
1300182
Convert 13043000 (base 6) to base 7.
3422133
Convert -15166703 (base 9) to base 3.
-112012020210010
Convert -5017913 (base 12) to base 14.
-1db7539
-70ac1 (base 14) to base 7
-2206131
Convert -17d2b2 (base 14) to base 2.
-11001101110011001100
220201124 (base 5) to base 16
e672a
What is 1b8518 (base 14) in base 7?
11233631
Convert 11145261 (base 7) to base 2.
11101100101011110011
9598b6 (base 15) to base 10
7119846
-1974531 (base 10) to base 3
-10201022112210
Convert -104659 (base 10) to base 9.
-168507
211403133 (base 6) to base 3
20222212122010
What is 15241132 (base 6) in base 15?
a844e
What is -100021021222 (base 3) in base 13?
-6508a
What is 13602 (base 10) in base 9?
20583
Convert 268486 (base 9) to base 5.
20214243
Convert -15223510 (base 7) to base 4.
-11202113131
Convert -1434014 (base 5) to base 16.
-772d
What is 10011201111 (base 3) in base 8?
172033
20a2362 (base 12) to base 6
340310202
What is 1210222020 (base 3) in base 2?
1000101101110100
Convert -103132231 (base 4) to base 7.
-451423
9f06 (base 16) to base 10
40710
6a1003 (base 11) to base 10
1114050
What is -100100011000110111 (base 2) in base 10?
-149047
22000303 (base 4) to base 12
1b897
Convert 1385407 (base 10) to base 11.
866971
Convert -1a0293a (base 13) to base 8.
-40462647
18a6a46 (base 11) to base 5
1310400000
2445311 (base 7) to base 11
1a4a05
Convert -2324105 (base 7) to base 8.
-1072153
What is -220233203210 (base 4) in base 2?
-101000101111100011100100
Convert -22422221 (base 5) to base 4.
-301031121
202000100120020 (base 3) to base 9
22010506
What is 19b7b (base 13) in base 6?
1024503
What is -604520 (base 9) in base 2?
-1010111010100000001
What is 3477b3 (base 13) in base 16?
12fe9f
-56468 (base 10) to base 16
-dc94
785695 (base 11) to base 12
50462a
727a60 (base 12) to base 16
1b6b28
What is 370853 (base 9) in base 7?
1621251
What is 782638 (base 9) in base 2?
1110010001101100010
What is 4537b8 (base 12) in base 11?
695505
Convert 3633782 (base 9) to base 8.
7411670
2472782 (base 9) to base 6
44512332
-52255206 (base 7) to base 15
-5bdc86
Convert -1085a53 (base 11) to base 8.
-7170244
Convert 1cc193a (base 14) to base 8.
67074520
Convert 72454 (base 8) to base 6.
350512
33330112132 (base 4) to base 14
7ab138
28737 (base 12) to base 7
323164
What is 7376604 (base 9) in base 14?
74aadb
-4112312 (base 5) to base 12
-32646
-42030413 (base 7) to base 15
-49ce6e
Convert -1002021200211 (base 3) to base 8.
-2145642
Convert 266597 (base 10) to base 6.
5414125
Convert 2424034 (base 6) to base 13.
462a0
488595 (base 10) to base 7
4103322
Convert 112424023 (base 7) to base 10.
6897061
What is -100200212 (base 3) in base 12?
-4112
Convert -76645 (base 8) to base 9.
-48108
-16dde0 (base 15) to base 5
-241011020
23358 (base 13) to base 14
19605
Convert 16420035 (base 7) to base 4.
12012333111
-964d (base 14) to base 2
-110010101010101
-367838 (base 9) to base 6
-4433055
What is -21020101001201 (base 3) in base 13?
-a48474
11120022112 (base 3) to base 9
146275
What is 122321120 (base 4) in base 12?
53908
Convert 243313043 (base 5) to base 4.
10121000233
What is -595688 (base 10) in base 6?
-20433452
Convert -428a086 (base 11) to base 4.
-130300202332
What is -5204150 (base 10) in base 2?
-10011110110100010110110
-142355350 (base 6) to base 3
-12111112120010
What is -10012100221222 (base 3) in base 2?
-110011111000010100000
What is 73a19 (base 13) in base 11?
1324a0
Convert 41121233 (base 5) to base 12.
140645
What is -3b911 (base 12) in base 6?
-1434021
What is -437625 (base 8) in base 2?
-100011111110010101
-1210334422 (base 5) to base 9
-5274260
-88129 (base 10) to base 3
-11110220001
-5936d (base 16) to base 15
-73416
What is 1331430032 (base 5) in base 11?
1a05556
What is -23333 (base 4) in base 9?
-1042
What is -1204234402 (base 6) in base 14?
-1b52438
103123211201 (base 4) to base 14
96845b
-2010222 (base 6) to base 14
-2671c
Convert 4127070 (base 8) to base 2.
100001010111000111000
Convert -419b69 (base 14) to base 10.
-2216657
Convert -10